z = 559. Calculate the remainder when o is divided by 46.
40
Suppose 90*h - 342 = 1098. Calculate the remainder when 475 is divided by h.
11
Let q = -393 - -398. Suppose -8 + 33 = -q*y, 0 = -4*z - 4*y + 132. Calculate the remainder when z is divided by 6.
2
Suppose -3*a - 2*n + 3547 = 232, n = -3. Calculate the remainder when 1116 is divided by a.
9
What is the remainder when 1117 is divided by (6 - 2)*(-42149)/(-452)?
371
Let b = 4611 - 3772. Calculate the remainder when b is divided by 84.
83
Let y(j) = 473*j - 475*j + 24 + 11 + 12. Suppose -3*u - 206 = -5*v + 165, -v = 5*u - 63. What is the remainder when v is divided by y(16)?
13
Let v(a) = 8 - a + 3*a - 1 + 39. Let r be (18/(-4))/(6/12). What is the remainder when 55 is divided by v(r)?
27
Let o(a) = 2*a**2 - 60*a + 411. Calculate the remainder when 3289 is divided by o(21).
22
Suppose 187*i + 72 = 178*i. What is the remainder when (-5 + i + -84)/(-1) is divided by 25?
22
Let i(n) = -388*n + 2099. Calculate the remainder when 516 is divided by i(5).
39
Let k(g) = 43*g + 1687. What is the remainder when 202 is divided by k(-37)?
10
Let u(c) = -148*c - 683. What is the remainder when 7175 is divided by u(-5)?
50
Suppose -2*f = -3*p + 326 + 524, 407 = -f - 3*p. Let y = 430 + f. What is the remainder when 54 is divided by y?
10
Let o(h) = 3*h - 17. Let s be o(0). Let d = s - -43. Let q = -45 - -147. What is the remainder when q is divided by d?
24
Calculate the remainder when 810 + 1530 + 1/4 + (-26)/8 is divided by 48.
33
Calculate the remainder when ((-24)/(-432)*12)/(-1 - 5163/(-5157)) is divided by 25.
23
Suppose -2146 = 67*t - 96*t. Calculate the remainder when 135 is divided by t.
61
Suppose 0 = -12*s + 11*s + 15. Let n = 77 + -109. Calculate the remainder when s is divided by (-220)/n - -1 - 6/(-48).
7
Suppose 4*x - 2756 - 2026 = 5*n, 4*n + 2400 = 2*x. Calculate the remainder when x is divided by 294.
12
Calculate the remainder when (20/25 + 27/60)/(10/98520) is divided by 113.
111
Suppose 0 = -a + 2*a - 11. Let k(t) = 984*t**2 + 14748*t - 34. Calculate the remainder when k(-15) is divided by a.
3
Let g be (-12 - (-15 - -3))/(2 - -1). Let w be 1/(-2)*0 + 483. Suppose g = -11*t + w + 67. What is the remainder when t is divided by 17?
16
Let w = 188 + -153. Suppose 0 = 4*x + 2*n - 198, 45 = x - n + 3*n. Let a = x - w. Calculate the remainder when 28 is divided by a.
12
Let o = 242 - -393. Calculate the remainder when o is divided by 33*(3 - 48/18).
8
Suppose 0 = 33*d - 6597 - 7428. Let f = 469 - d. What is the remainder when 92 is divided by f?
4
Suppose -y = 5*h - 105, -1001*y = -2*h - 997*y + 20. What is the remainder when 9838 is divided by h?
18
Let h(q) = -q**3 + 28*q**2 - 28*q + 42. What is the remainder when ((42/6)/(-7))/((-2)/110) is divided by h(27)?
10
Suppose 0 = 5*c + 5*h + 34 - 904, 3*c - 3*h - 552 = 0. Let x(i) = -18*i + 2. Let t be x(1). Let f = t - -61. What is the remainder when c is divided by f?
44
Suppose 2*l - 569 = -5*c, 12*l - 7*l - 257 = -2*c. Calculate the remainder when 2761 is divided by c.
97
Let m be 1376/5 - ((-2)/2)/(-5). Let n = m - 104. Calculate the remainder when n is divided by 61.
49
Let f be 1 + 1 + -6 - (0 - 5). Let q(r) = 27*r**2 - 3*r. Let m = -90 + 150. What is the remainder when m is divided by q(f)?
12
Suppose -10*q + 161 + 321 = 72. Calculate the remainder when 78 is divided by q.
37
Suppose -3*s - 3*c + 15 = 0, 4*s - 47 = 5*c + 18. Calculate the remainder when 14967 is divided by s.
7
What is the remainder when 9/(-27)*-9 + (489 - 4) is divided by 24?
8
Let m = -202 + 218. Suppose 5*p - 37 = -b, -40*p + b - m = -42*p. What is the remainder when 58 is divided by p?
2
Suppose 7*r - 3*k - 13 = 2*r, -1 = -r + k. Suppose -1097 = -r*b - 292. Calculate the remainder when b is divided by 55.
51
Let j(n) = 24*n**2 + 5*n - 5. Let m be j(2). Let o = m + -88. Suppose -25*f + 190 = -20*f. What is the remainder when f is divided by o?
12
Suppose -2*q + 76 = -4*q + 2*u, -3*q + 2*u = 116. Let t = 29 + q. Let l(z) = -z**3 - 11*z**2 - 3*z - 25. What is the remainder when 23 is divided by l(t)?
7
Suppose -7*k + 42 = -0*k. Suppose -u - 2*q + 4 + 2 = 0, 2*q = -k. Suppose -w - 36 = -5*g + 66, 0 = 4*w - u. Calculate the remainder when g is divided by 12.
9
Suppose 206 + 250 = 24*x. Suppose -x = -7*p - 5. What is the remainder when 41 is divided by p?
1
Suppose 0 = 3*m + 10 + 23. Let v = 36 + m. Let x = -7383 - -7392. What is the remainder when v is divided by x?
7
Suppose -r = 4*p - 750, 1500 = -2*r + 4*r + 5*p. Calculate the remainder when (100/(-8))/5 - r/(-20) is divided by 13.
9
Suppose 4*v - 26 = -10. Suppose l = -3*r + 6*r - 4, v*r - 4 = 2*l. Let q(t) = t**3 - 4. What is the remainder when 5 is divided by q(l)?
1
Let l be 3/(15/2) + 84/15. Let d(p) = p**3 + 7*p**2 + 8*p + 12. Calculate the remainder when (-522)/4*(0 + l/(-9)) is divided by d(-5).
21
Suppose 65*g - 53*g = -1212. Let o = 210 - g. Calculate the remainder when o is divided by 39.
38
Let q(u) = -u**3 + 8*u**2 - 12*u + 13. Let i be q(6). Calculate the remainder when (14/4)/((-9)/(-90)) is divided by (6/4)/((-12)/(-8))*i.
9
Suppose -4*u = 4*n - 6408, 5*n - 8042 = -42*u + 45*u. What is the remainder when n is divided by 162?
148
Let t = 8388 + -8274. Calculate the remainder when 783 is divided by t.
99
Let p(m) = m**3 + 6*m**2 - 6*m - 16. Let z be (-350)/28*(-4)/(-5). What is the remainder when p(-5) is divided by (-408)/(-40) - (-2)/z?
9
Suppose -11552 = -28*d - 355*d + 22*d. Suppose 245 + 451 = 2*h. Calculate the remainder when h is divided by d.
28
Let n(x) = -16*x + 33. Let l be n(13). Let g = 64 + -26. Calculate the remainder when g is divided by ((-30)/(-4))/(l/(-40) - 4).
18
Let b(l) = 47*l**2 - 16*l + 14. Let d(t) = 16*t**2 - 5*t + 4. Let x(g) = -2*b(g) + 7*d(g). Calculate the remainder when 29 is divided by x(-1).
8
What is the remainder when (2/(-4))/((-16)/4704) is divided by 20/(-8)*(-12 - -2)?
22
Suppose 86*n = 19*n + 1249 + 150238. Calculate the remainder when n is divided by 81.
74
What is the remainder when 339 is divided by 48/(-9)*(-8778)/616?
35
Calculate the remainder when (-6 + (-66)/(-12))*584/(20/(-5)) is divided by 15.
13
Let j(m) = -3*m - 3. Suppose -5*i + 436 = -c, 3*i = 6*c - 2*c + 248. Suppose -d - v = -i + 6, -4 = -2*v. Calculate the remainder when d is divided by j(-5).
8
Suppose -n = 2*p - 3, -4 = -n + 4*p - 31. Let d(f) = -2*f - 17. Let z be d(n). Calculate the remainder when 2 + (-5 + 4)*(z - 0) is divided by 2.
1
Suppose -3*x - 24 = -2*x. Let c = x + 154. Let p(w) = -w**3 - 10*w**2 - w + 1. What is the remainder when c is divided by p(-10)?
9
Suppose 5*o - 267 = -4*f, o = -3*f - 1 + 215. Calculate the remainder when f is divided by 5.
3
Suppose -18*z + 9*z = 7*z - 528. What is the remainder when 136 is divided by z?
4
Let w = 375 - 329. What is the remainder when 55 is divided by (0 - 3)*(w - 51)?
10
Suppose -40*v + 47*v - 3*t = 580, t + 165 = 2*v. Calculate the remainder when 444 is divided by v.
19
Suppose -760 + 13828 = 12*s. Calculate the remainder when s is divided by 14.
11
Let j be -24*7/(-63)*3/2. Suppose -5 = -5*a + 5, 0 = j*y + 3*a - 206. What is the remainder when y is divided by 15?
5
Let p = -153 - -138. Let w = p + 76. What is the remainder when w is divided by 32?
29
Let q(o) = -4*o - 8. Calculate the remainder when (243/18 + -12)/(2/212) is divided by q(-7).
19
Let h be 5 - -172 - (-1 + 3). Let n = h + -260. Let t = -43 - n. Calculate the remainder when 165 is divided by t.
39
Let a(j) = 4*j**2 - 51*j + 239. Calculate the remainder when a(20) is divided by 144.
99
Suppose 4*j = -3*b + 68, -3*b + b = 2*j - 48. Let m be (4/(-6))/(31/6789). Let l = -69 - m. Calculate the remainder when l is divided by b.
21
Let w(i) be the second derivative of -i**4/12 - 4*i**3 - 26*i**2 + 208*i. Let o = 6 - -28. Calculate the remainder when w(-7) is divided by o.
33
Let q = -33 + 37. Suppose 2233 = 43*d + 1587 - 1805. What is the remainder when d is divided by q?
1
Let i(y) = 2670*y**2 + 18*y - 16. Calculate the remainder when i(1) is divided by 33.
32
Suppose 11*v = 7*v + 508. Let m(k) = -k**3 + 76*k**2 + 159*k - 225. What is the remainder when v is divided by m(78)?
1
Let g = 6 + -3. Suppose -g*b + 0*b + 138 = 0. Suppose 5*c + 13 = -3*i + 31, 2*i - 14 = -3*c. Wh